o base 9
-4472
Convert 154e (base 16) to base 14.
1db8
Convert -104002 (base 5) to base 11.
-27a8
Convert 34232 (base 6) to base 10.
4844
What is -112121111 (base 3) in base 9?
-15544
Convert -31213122 (base 4) to base 15.
-117d0
Convert -c335 (base 13) to base 16.
-6923
What is -22031 (base 5) in base 9?
-2064
Convert -7017 (base 13) to base 5.
-443044
What is -116 (base 8) in base 5?
-303
Convert 200540 (base 7) to base 9.
51432
What is -1ca (base 15) in base 10?
-415
c (base 16) to base 4
30
Convert -2bd5 (base 14) to base 12.
-4647
What is -12645 (base 7) in base 8?
-6526
102002 (base 3) to base 8
453
What is -16320 (base 8) in base 13?
-3485
What is 795a (base 11) in base 5?
313341
763 (base 12) to base 15
4c3
What is 1424 (base 6) in base 9?
457
9a09 (base 12) to base 9
25280
What is 112654 (base 8) in base 12?
1a210
What is 403 (base 9) in base 4?
11013
-11321 (base 6) to base 9
-2214
13140 (base 5) to base 6
4501
Convert 903 (base 11) to base 13.
660
What is 1000001001100 (base 2) in base 4?
1001030
2211033 (base 4) to base 12
6153
Convert 221121 (base 3) to base 13.
412
What is -71360 (base 9) in base 14?
-1317b
Convert 833 (base 10) to base 5.
11313
Convert ab7 (base 14) to base 3.
2220120
Convert -de (base 15) to base 7.
-416
What is 1146b (base 13) in base 11?
21758
What is -2123201 (base 4) in base 13?
-46b8
-225 (base 10) to base 14
-121
What is -716 (base 12) in base 11?
-853
17f (base 16) to base 6
1435
888 (base 9) to base 3
222222
What is 3a976 (base 11) in base 8?
162045
Convert 1011110001011000 (base 2) to base 15.
e446
11001011011 (base 2) to base 11
124a
What is 21d (base 16) in base 3?
202001
What is -7903 (base 11) in base 5?
-313114
211052 (base 7) to base 15
abb5
Convert -2134 (base 16) to base 7.
-33532
What is -1420 (base 5) in base 4?
-3223
-18c4 (base 13) to base 7
-13546
What is -11010011100 (base 2) in base 9?
-2280
Convert 136 (base 16) to base 13.
1ab
What is -20321201 (base 4) in base 15?
-abee
What is b3b6 (base 12) in base 3?
222212010
What is 55d (base 14) in base 6?
4531
Convert -13673 (base 9) to base 8.
-22124
Convert 10101101100 (base 2) to base 12.
978
What is -30134 (base 5) in base 16?
-77f
Convert -9ca (base 15) to base 13.
-1015
What is -2651 (base 10) in base 12?
-164b
3223213 (base 4) to base 9
22614
1021110000 (base 3) to base 15
7690
What is 101101011000111 (base 2) in base 5?
1220424
What is 12211122 (base 4) in base 9?
40886
Convert -18f8 (base 16) to base 13.
-2ba9
157 (base 11) to base 14
d1
What is -1011110110 (base 2) in base 10?
-758
What is 4876 (base 10) in base 15?
16a1
What is -20021 (base 4) in base 12?
-375
-10011001000011011 (base 2) to base 11
-5396a
-1661 (base 11) to base 6
-13500
Convert -7147 (base 8) to base 12.
-2173
What is -168 (base 13) in base 12?
-193
Convert -5803 (base 10) to base 11.
-43a6
Convert -560 (base 7) to base 12.
-1bb
Convert 71c (base 14) to base 10.
1398
Convert -115454 (base 8) to base 6.
-503524
110001111101111 (base 2) to base 13
b84c
What is -110000000001010 (base 2) in base 9?
-36647
Convert 31a3 (base 15) to base 11.
7989
382 (base 9) to base 15
162
13622 (base 8) to base 13
2992
Convert 83c (base 14) to base 10.
1622
-33 (base 10) to base 4
-201
What is 1a41 (base 12) in base 11?
2465
-3121 (base 5) to base 8
-633
What is 2323 (base 15) in base 16?
1d22
What is -4ec (base 16) in base 10?
-1260
Convert 463 (base 10) to base 12.
327
-130625 (base 7) to base 11
-17302
e09e (base 15) to base 13
18761
77 (base 12) to base 15
61
215053 (base 6) to base 2
100011000101001
Convert 3771 (base 9) to base 7.
11134
Convert 113112 (base 4) to base 11.
1139
Convert -cd4 (base 14) to base 11.
-19a8
783 (base 9) to base 5
10032
-2047 (base 9) to base 4
-113131
What is 2d5c (base 14) in base 4?
1332312
67c (base 13) to base 7
3154
-122000 (base 3) to base 11
-388
What is 182 (base 9) in base 5?
1110
Convert 28a (base 12) to base 16.
18a
-880 (base 14) to base 13
-9c3
What is -517c (base 13) in base 12?
-6621
Convert -728 (base 10) to base 16.
-2d8
150412 (base 7) to base 14
a809
What is -87 (base 9) in base 4?
-1033
What is -11980 (base 11) in base 5?
-1022044
-1385 (base 9) to base 8
-2031
-230b (base 15) to base 6
-54232
Convert 74c (base 13) to base 4.
103133
Convert -3ca6 (base 13) to base 7.
-34345
Convert 20310330 (base 4) to base 10.
36156
2407 (base 8) to base 10
1287
6728 (base 11) to base 6
105011
Convert -471 (base 14) to base 6.
-4031
What is -305 (base 13) in base 11?
-426
-2360 (base 9) to base 16
-6db
332212 (base 5) to base 3
120212001
Convert -122112 (base 4) to base 8.
-3226
43b (base 15) to base 6
4232
Convert cc (base 16) to base 8.
314
What is 2202100 (base 3) in base 14?
a35
What is -112121 (base 3) in base 2?
-110001010
Convert 17386 (base 13) to base 6.
542141
Convert -3006 (base 7) to base 16.
-40b
What is -1ec (base 16) in base 11?
-408
-1d2e (base 16) to base 10
-7470
Convert 7658 (base 9) to base 5.
140032
2100101 (base 3) to base 7
4663
Convert 333113 (base 4) to base 11.
3057
1110001011100110 (base 2) to base 5
3324321
14860 (base 13) to base 7
221026
What is 32162 (base 7) in base 16?
1f2e
Convert -34281 (base 9) to base 5.
-1212314
1221102 (base 3) to base 4
112013
a9a (base 13) to base 6
12225
4402 (base 6) to base 15
475
Convert -320221 (base 5) to base 10.
-10686
What is 25191 (base 13) in base 5?
4142034
Convert 1512 (base 6) to base 7.
1115
1001111000010101 (base 2) to base 8
117025
4141 (base 5) to base 9
666
-1010011 (base 2) to base 11
-76
Convert -101100100100 (base 2) to base 10.
-2852
-721 (base 15) to base 12
-b1a
Convert 11257 (base 8) to base 2.
1001010101111
Convert 1012121212 (base 3) to base 7.
126224
1e17 (base 16) to base 7
31313
96 (base 13) to base 15
83
Convert -11222 (base 5) to base 2.
-1100101100
Convert -32803 (base 11) to base 2.
-1011100111000100
Convert 6511 (base 8) to base 15.
101b
-253 (base 14) to base 11
-393
What is 11201 (base 3) in base 13?
9a
-32404 (base 5) to base 16
-8b5
33ca (base 16) to base 15
3ddd
Convert 104201 (base 5) to base 15.
1151
-1045225 (base 6) to base 11
-36910
-235126 (base 7) to base 15
-c951
What is -472 (base 14) in base 4?
-31310
3f9 (base 16) to base 3
1101200
1000100011100 (base 2) to base 15
1470
670 (base 13) to base 12
781
Convert -e08 (base 15) to base 16.
-c56
What is 2434 (base 9) in base 14?
937
1221123 (base 4) to base 16
1a5b
Convert 1621 (base 7) to base 3.
220011
What is 1001110 (base 2) in base 13?
60
2111220 (base 3) to base 10
1833
What is 1a79 (base 16) in base 12?
3b09
Convert 343121 (base 5) to base 2.
10111111111110
-38041 (base 9) to base 5
-1304202
Convert -3327 (base 12) to base 14.
-20b5
-1489 (base 13) to base 10
-2986
What is -a549 (base 11) in base 3?
-201011100
What is -561 (base 8) in base 14?
-1c5
What is 310203 (base 4) in base 8?
6443
Convert 33ba (base 12) to base 2.
1011001111110
What is b3 (base 15) in base 13?
cc
What is -65 (base 9) in base 14?
-43
Convert -1520 (base 13) to base 12.
-1938
What is 12d7 (base 14) in base 6?
23221
What is -4a8 (base 14) in base 10?
-932
114 (base 10) to base 13
8a
Convert 17461 (base 9) to base 13.
5635
What is 110001110011000 (base 2) in base 15?
784b
Convert 4c9c (base 13) to base 9.
16011
Convert -1032330 (base 5) to base 12.
-a3a8
What is 4036 (base 8) in base 13?
c3b
1413041 (base 5) to base 8
70732
Convert 10220210221 (base 3) to base 4.
102311101
-1c9 (base 16) to base 4
-13021
2980 (base 15) to base 14
3355
3130 (base 15) to base 13
4968
4674 (base 9) to base 6
24021
88a (base 11) to base 12
74a
What is -1101001110010 (base 2) in base 5?
-204040
-2501 (base 8) to base 10
-1345
Convert 7b41 (base 15) to base 4.
12120301
-317b0 (base 12) to base 9
-108236
37a (base 13) to base 14
316
What is -2b64 (base 13) in base 11?
-483a
What is 151 (base 6) in base 10?
67
Convert 23133102 (base 4) to base 12.
23296
Convert -33c0 (base 15) to base 8.
-25344
What is -3023 (base 5) in base 9?
-471
What is 75 (base 9) in base 4?
1010
-9b2 (base 15) to base 3
-10000012
-11100101011010 (base 2) to base 8
-34532
Convert -1666 (base 11) to base 8.
-4121
What is -9b9 (base 16) in base 7?
-10154
Convert -11010111 (base 2) to base 10.
-215
What is -29a7 (base 11) in base 12?
-22a4
-679 (base 14) to base 4
-110003
-1